umber?
False
Is 5953 composite?
False
Is 4441 prime?
True
Is 152981 prime?
True
Is 255785 a composite number?
True
Is 22123 a composite number?
False
Is 56519 a prime number?
True
Is 33217 composite?
True
Is 188909 a prime number?
False
Is 8331 composite?
True
Is 18871 a composite number?
True
Is 1308013 composite?
True
Is 9197 composite?
True
Is 11131 a prime number?
True
Is 11959 composite?
False
Is 593573 composite?
False
Is 1160903 a composite number?
False
Is 33457 a prime number?
True
Is 42947 composite?
True
Is 45986 a composite number?
True
Is 4499 prime?
False
Is 664435 prime?
False
Is 15233 a prime number?
True
Is 561457 composite?
True
Is 55849 prime?
True
Is 552919 prime?
False
Is 18947 a prime number?
True
Is 1936021 prime?
True
Is 25709 prime?
False
Is 11391 prime?
False
Is 18517 composite?
False
Is 68443 a composite number?
False
Is 5747 a composite number?
True
Is 74567 a composite number?
False
Is 178753 a composite number?
False
Is 29833 prime?
True
Is 7499 prime?
True
Is 17606 prime?
False
Is 362719 a composite number?
True
Is 174037 composite?
True
Is 16919 a prime number?
False
Is 158959 composite?
False
Is 9169 a composite number?
True
Is 9263 prime?
False
Is 1908157 a prime number?
True
Is 839219 prime?
False
Is 816401 a prime number?
True
Is 4255057 a composite number?
False
Is 4789 a prime number?
True
Is 32105 prime?
False
Is 6281443 a prime number?
False
Is 23413 prime?
False
Is 112601 a prime number?
True
Is 17057 a composite number?
True
Is 1086883 a prime number?
False
Is 437903 composite?
True
Is 8927 a prime number?
False
Is 254147 composite?
False
Is 6418 a composite number?
True
Is 50737 composite?
True
Is 68767 composite?
False
Is 14903 composite?
True
Is 416803 a prime number?
False
Is 74915 a composite number?
True
Is 577949 a prime number?
False
Is 1517 prime?
False
Is 41917 a composite number?
True
Is 21993 a prime number?
False
Is 986989 a composite number?
False
Is 106 composite?
True
Is 23929 composite?
False
Is 419 a composite number?
False
Is 563995 a composite number?
True
Is 827567 a composite number?
True
Is 598333 composite?
False
Is 1702171 a composite number?
False
Is 12301 a composite number?
False
Is 831583 prime?
True
Is 13619 a prime number?
True
Is 8057 a composite number?
True
Is 5813 a prime number?
True
Is 52937 prime?
True
Is 6389 a prime number?
True
Is 3691 a prime number?
True
Is 1617689 composite?
False
Is 379571 composite?
False
Is 17851 prime?
True
Is 815537 composite?
True
Is 21241 composite?
True
Is 395194 prime?
False
Is 813 prime?
False
Is 66791 a prime number?
True
Is 1002709 prime?
True
Is 115403 prime?
False
Is 9599 prime?
False
Is 30307 a prime number?
True
Is 104057 composite?
True
Is 232721 prime?
False
Is 638107 composite?
True
Is 3353 prime?
False
Is 5833 composite?
True
Is 12743 prime?
True
Is 193723 a prime number?
True
Is 28673 a prime number?
False
Is 81331 a composite number?
False
Is 1903 a composite number?
True
Is 26083 composite?
False
Is 630391 a prime number?
True
Is 669181 prime?
True
Is 2573713 composite?
True
Is 21547 a composite number?
True
Is 22177 prime?
False
Is 556323 composite?
True
Is 144091 composite?
True
Is 2879 a composite number?
False
Is 22343 a composite number?
False
Is 3341 composite?
True
Is 2579 composite?
False
Is 13919 prime?
False
Is 254119 a prime number?
True
Is 78119 prime?
False
Is 6107 a prime number?
False
Is 180623 a prime number?
True
Is 156665 a composite number?
True
Is 12149 prime?
True
Is 95257 prime?
True
Is 136103 a composite number?
True
Is 1678271 prime?
False
Is 236867 composite?
False
Is 78127 a prime number?
False
Is 18269 prime?
True
Is 256429 a composite number?
True
Is 7919 a composite number?
False
Is 23447 prime?
True
Is 2819 prime?
True
Is 8657 a prime number?
False
Is 17399 composite?
True
Is 101737 composite?
False
Is 19235 composite?
True
Is 831353 prime?
False
Is 1155263 composite?
False
Is 2738629 a composite number?
True
Is 7051 a composite number?
True
Is 4622 composite?
True
Is 21089 a composite number?
False
Is 12767 prime?
False
Is 1857091 a prime number?
True
Is 44881 a composite number?
True
Is 43 a prime number?
True
Is 2923 prime?
False
Is 316993 composite?
True
Is 26707 prime?
False
Is 70177 a composite number?
False
Is 301577 prime?
True
Is 66431 prime?
True
Is 78581 composite?
True
Is 15685 prime?
False
Is 2333 a composite number?
False
Is 147623 composite?
True
Is 83761 composite?
False
Is 25057 a composite number?
False
Is 21343 a prime number?
False
Is 276869 prime?
True
Is 165773 a prime number?
False
Is 2111 a composite number?
False
Is 1921303 composite?
True
Is 1741 a prime number?
True
Is 8509 a prime number?
False
Is 320413 composite?
True
Is 22937 composite?
False
Is 12373 composite?
False
Is 27397 a prime number?
True
Is 219707 a prime number?
True
Is 64151 prime?
True
Is 36433 composite?
False
Is 268663 a prime number?
False
Is 77137 prime?
True
Is 16637 a prime number?
False
Is 74843 a composite number?
False
Is 34171 a prime number?
True
Is 5923 a composite number?
False
Is 6459 a composite number?
True
Is 653603 composite?
True
Is 1209449 composite?
True
Is 165103 a composite number?
False
Is 1933973 composite?
False
Is 7451 a composite number?
False
Is 28151 prime?
True
Is 2333 a prime number?
True
Is 14281 a composite number?
False
Is 33703 a composite number?
False
Is 16309 a prime number?
False
Is 12097 composite?
False
Is 8101 prime?
True
Is 98179 a composite number?
False
Is 10601 a prime number?
True
Is 557033 prime?
True
Is 3323 a prime number?
True
Is 30427 a composite number?
False
Is 704741 prime?
False
Is 2705 a prime number?
False
Is 103289 a composite number?
False
Is 3967 composite?
False
Is 6731 a prime number?
False
Is 472217 a composite number?
True
Is 3079 composite?
False
Is 129379 composite?
False
Is 17558 composite?
True
Is 29651 a composite number?
True
Is 132103 prime?
True
Is 275027 a composite number?
False
Is 279329 a composite number?
False
Is 68911 a composite number?
True
Is 82439 a prime number?
False
Is 42377 a prime number?
False
Is 10991 a composite number?
True
Is 2333 a composite number?
False
Is 16477 a prime number?
True
Is 44647 prime?
True
Is 264218 a prime number?
False
Is 947 a prime number?
True
Is 104757 composite?
True
Is 37451 prime?
False
Is 5077 composite?
False
Is 3061 a composite number?
False
Is 54751 composite?
False
Is 129341 composite?
False
Is 245155 prime?
False
Is 69587 a composite number?
True
Is 158243 prime?
True
Is 2039407 prime?
True
Is 21451 prime?
False
Is 22613 a composite number?
False
Is 75833 prime?
True
Is 121061 a composite number?
False
Is 33149 a prime number?
True
Is 37463 composite?
False
Is 5091 composite?
True
Is 4111 prime?
True
Is 32993 prime?
True
Is 56473 composite?
False
Is 2504035 prime?
False
Is 34217 a prime number?
True
Is 8491 a prime number?
False
Is 20563 composite?
False
Is 4601 prime?
False
Is 320869 a prime number?
False
Is 1021557 a prime number?
False
Is 99643 composite?
False
Is 3905729 a composite number?
True
Is 673 composite?
False
Is 32597 composite?
True
Is 19493 prime?
False
Is 52489 prime?
True
Is 39929 prime?
True
Is 789801 a prime number?
False
Is 402451 prime?
False
Is 12301 prime?
True
Is 899209 composite?
False
Is 13781 composite?
False
Is 54869 composite?
False
Is 107563 a composite number?
False
Is 107437 composite?
True
Is 248581 composite?
True
Is 3957 composite?
True
Is 16493 a composite number?
False
Is 603987 a composite number?
True
Is 26149 prime?
False
Is 706 a composite number?
True
Is 2153 composite?
False
Is 5557 prime?
True
Is 86341 prime?
True
Is 32257 prime?
True
Is 162119 prime?
True
Is 24194 composite?
True
Is 1042 a composite number?
True
Is 448597 a composite number?
False
Is 57077 composite?
False
Is 253987 a composite number?
False
Is 61433 prime?
False
Is 54271 prime?
False
Is 3709 prime?
True
Is 241229 a composite number?
False
Is 408019 composite?
False
Is 10198 prime?
False
Is 163 composite?
False
Is 21787 a composite number?
False
Is 828957 prime?
False
Is 272671 a composite number?
True
Is 2609401 a composite number?
False
Is 204933 a prime number?
False
Is 49019 a prime number?
True
Is 897485 composite?
True
Is 7447 a composite number?
Tru